culate the greatest common divisor of 518 and z.
74
Let i = 291 + -294. Let j be (-294)/18*1*i. Calculate the highest common divisor of j and 441.
49
Suppose 249 = -3*i - 0*i. Let r = i - -116. Suppose 4 = -2*v + 26. Calculate the greatest common divisor of r and v.
11
Suppose -3*b + 5*r = -353, -89*b - 655 = -94*b - 5*r. Calculate the greatest common factor of b and 1980.
18
Let g(l) = l**2 - 955*l + 8648. Let c be g(9). What is the greatest common factor of 5159 and c?
67
Suppose 4*m - 3*o - 2*o - 193 = 0, 2*o = -4*m + 158. Suppose 245*u - 9530 - 62500 = 0. Calculate the highest common factor of u and m.
42
Suppose 4*t = 5*b + 1575, 7*t - 3*t - 1551 = -3*b. What is the greatest common divisor of 1092 and t?
78
Suppose -4*s + 820 = -4*q, -s - 13*q = -17*q - 211. Let a = -10 - -39. What is the highest common factor of s and a?
29
Let i be -42 + 45 - (6918/(-12) + (-2)/4). What is the greatest common factor of 20 and i?
20
Suppose 0*f + 3*l + 75 = 2*f, -l - 145 = -4*f. Let y = -4153 + 4459. What is the greatest common divisor of y and f?
18
Let v(r) = -r**2 - 14*r + 8. Let d be v(0). Let j be (d/19)/(-4) + 192/19. Calculate the greatest common divisor of 2 and j.
2
Suppose -4*f = -5*f + 280. Let u(v) = -212*v - 2. Let d be u(-1). Suppose 5*n - d = -n. What is the highest common factor of f and n?
35
Suppose 5*j + 3*s - 54 = 0, -5*s - 67 = -5*j - 37. What is the highest common divisor of j and 2097?
9
Suppose 0 = 48*j - 23*j - 8300. Calculate the highest common divisor of 1079 and j.
83
Suppose 10 = 123*h - 121*h. Suppose s + 3*n = 25, -4*s + h*n - 22 = -207. What is the highest common divisor of s and 10?
10
Suppose -5*o - 119 = -2*q, -o - 139 = -3*q + q. What is the highest common factor of 320 and q?
8
Let l(v) = -8*v - 7. Let i = -46 - -49. Suppose -5*y - 3*t - 34 = 0, -y + i*t + 5 = 1. Let r be l(y). Calculate the greatest common divisor of r and 11.
11
Let p = 802 + -799. Suppose -p*u - 46 = -4*z - u, 3*u + 33 = 2*z. Calculate the greatest common factor of 909 and z.
9
Let r(i) = -i**3 - 15*i**2 + 14*i - 20. Let w = -143 + 127. Let c be r(w). What is the greatest common factor of c and 42?
6
Let v(c) be the second derivative of c**4/12 + 15*c**2 + c. Let f be v(0). What is the greatest common divisor of 330 and f?
30
Let x = 3829 - 3739. Calculate the highest common divisor of 4 and x.
2
Let y = 111 - 103. Suppose 4*r = 17 - 5. Let q be (r/(-4))/((-2)/y). What is the greatest common factor of q and 48?
3
Suppose -d = -4*k + 1352, -d = 17*k - 14*k + 1352. Let r = -1326 - d. Let j(w) = -40*w - 1. Let h be j(-1). What is the highest common divisor of r and h?
13
Let r = -18 + 29. Suppose -19*t - 2763 - 5673 = 0. Let x = t - -466. Calculate the highest common factor of r and x.
11
Let h be (-474 + -14)*(1 - 3). Suppose 0 = 366*z - 368*z + h. Calculate the greatest common factor of 8 and z.
8
Let w = 115 - 109. Let j(o) = -o**2 + 2*o + 33. Let s be j(w). What is the greatest common divisor of 3 and s?
3
Suppose -3 = s - 1. Let g be (-22)/(-33) + s/(-6). Let w be 0/(2 + 2) + g. What is the greatest common divisor of w and 5?
1
Suppose 5*j - j - 8*a = 276, 4*a = -4*j + 300. Calculate the greatest common divisor of 44749 and j.
73
Let o(y) = y**3 + 36*y**2 + 128*y + 40. Let h be o(-32). What is the highest common factor of h and 776?
8
Let j = 63 - -403. Let o = j + -258. What is the greatest common divisor of 156 and o?
52
Let h(z) = 92*z - 1288. Let q be h(46). Calculate the highest common divisor of q and 46.
46
Suppose 2*c + z = 290, -418*c = -420*c - 2*z + 292. What is the greatest common factor of 444 and c?
12
Let j(o) = -o - 4. Let t be j(-14). Let s be (-2 + 0)/(-2)*t. What is the greatest common factor of 430 and s?
10
Suppose -2*s - 3*n + 54 = 0, 0*s + 5*n + 22 = 2*s. Let o be 15*(-3)/(-9) + 1. What is the greatest common factor of s and o?
3
Let d(h) = 3*h**2 - 3*h - 1. Let t be d(-3). Let c(a) = 3*a**2 - 65*a - 41. Let b be c(27). Let n = b + -384. Calculate the greatest common divisor of t and n.
7
Let f(a) = 23*a**2 + 1743*a - 361. Let h be f(-76). Let n(c) = c + 209. Let d be n(0). What is the highest common factor of d and h?
19
Let c(f) = 9*f**3 + 4*f**2 + 9*f + 21. Let t be c(-2). Let b be (t/(-2))/(6/((-60)/(-5))). Calculate the highest common divisor of b and 583.
53
Let p(k) = 4*k + 39. Let f be p(11). Let j = 88 - f. Suppose -65 = -5*t + j*y, 19 - 2 = 2*t + y. What is the highest common factor of 6 and t?
2
Let u = -3138 - -4035. Calculate the greatest common divisor of 69 and u.
69
Let k = 55 + -75. Let u be ((-25)/k)/(1/84). Let s be (-3)/3 - -16*1. Calculate the highest common divisor of s and u.
15
Suppose -80*l = -610 - 1070. Let x(b) = 6*b**2 - 3*b - 3. Let o be x(-4). What is the greatest common divisor of l and o?
21
Let i(s) = 2*s - 274. Let t be i(-44). Let q = t - -776. What is the greatest common factor of q and 18?
18
Let n(i) = -i**3 - 9*i + 63. Let u be n(0). What is the greatest common divisor of 747 and u?
9
Let m be -1120*(-38)/(-95)*10/(-4). Let s = m - 420. Calculate the greatest common factor of 28 and s.
28
Let h be ((-133)/14 + 2 + 4)*(-22 - -2). Calculate the greatest common divisor of h and 41440.
70
Suppose -2*f - 3*k - 1 = -12, 5*f + 2*k = 0. Let o be (2/f)/((-4)/(-180) + 0). Let n = -34 - o. Calculate the greatest common factor of n and 88.
11
Let l(k) be the first derivative of 91*k**2/2 - 21*k + 101. Let b be l(1). What is the greatest common factor of b and 35?
35
Suppose 22*s - 1122 = -12*s. Calculate the greatest common factor of s and 297.
33
Let a(r) = 26*r + 27*r + 33*r + 90 - 85*r. Suppose 0 = y + y. Let q be a(y). Calculate the greatest common factor of q and 60.
30
Suppose -107 = 9*f - 647. Calculate the highest common divisor of 930 and f.
30
Let w(r) be the first derivative of 2*r**3/3 + 3*r**2 + 7*r + 1. Let h be w(-5). Let d = -442 - -685. What is the highest common factor of h and d?
27
Suppose -a - 3*a + 780 = 0. Let b = -172 + a. Calculate the greatest common divisor of b and 1.
1
Let b = -6248 - -7249. What is the greatest common divisor of 1144 and b?
143
Let j = -374 - -429. Suppose -2*g - 12 = -2*b - 42, -4*g - b = -j. What is the highest common divisor of 182 and g?
14
Suppose -13*h - 5*h + 36 = 0. Suppose 5*c + b + 0*b - 9 = 0, -h*b = 3*c - 11. Let k be -1 - -5 - -9 - c. What is the highest common factor of k and 8?
4
Suppose -5*d = -58 - 7. Suppose 0 = j - d - 0. Let r be (-1)/(-1*(-6)/(-78)). What is the highest common divisor of j and r?
13
Let s(q) = 224*q**3 - 6*q**2 + 17*q - 12. Let n be s(2). Calculate the highest common factor of 10 and n.
10
Suppose -17 - 94 = -3*q. Let y = q + -33. Suppose -4*u + 64 = y. Calculate the highest common divisor of u and 5.
5
Suppose 4*o = 5*x + 12, -o + 17*x + 16 = 19*x. Suppose 3*f = 3*v + o*f + 16, -2*v - f = -1. What is the greatest common divisor of 5 and v?
1
Suppose 15 = 24*u - 81. Let d = 8 - 3. Let a be (-200)/30*(-12)/d. What is the greatest common factor of a and u?
4
Let h be (32 + 0 + (-8 - -8))*-19. Let x = -323 - h. What is the highest common factor of 15 and x?
15
Let m(u) = u**3 + 19*u**2 - 14*u - 35. Let c be m(-19). Let r(a) = 7*a + 5. Let x be r(4). Calculate the greatest common divisor of c and x.
33
Suppose -207*r + 146*r = -541863. What is the greatest common factor of r and 54?
27
Suppose 8*w - 3*w + 2*u = 533, 2*w - 222 = -3*u. Suppose 0 = -10*h + 227 + 203. Suppose h*b = 45*b - 30. What is the highest common factor of b and w?
15
Let z = -25491 - -25824. Calculate the highest common factor of z and 576.
9
Let n(z) = z**3 + z**2 + z + 6. Suppose 2 + 2 = -2*b. Let s be n(b). Suppose s = 3*k - 12, 5*o - 20 - 29 = 4*k. What is the highest common factor of o and 143?
13
Let j(b) = 69*b**3 + 2*b**2 - 2*b + 1. Let k be j(1). Suppose 0 = -3*d + 9, 97 = 4*i - 2*d - 9. What is the highest common factor of i and k?
14
Let z = -14682 + 14687. Let n be (5/4)/(2/8). Suppose -n*r + z*l + 165 = 0, l = -3*r - 0*l + 95. What is the greatest common factor of r and 16?
16
Let j(m) = m**3 + 6*m**2 - m + 6. Let d be j(-5). Let q be 18 - (6 + 2/(10/(-27)))*-10. What is the highest common divisor of d and q?
12
Let z(w) = 9*w + 13. Let q be z(0). Suppose -q + 24 = 11*h. What is the greatest common factor of h and 19?
1
Let h = -